{"id":553,"date":"2021-11-02T08:55:26","date_gmt":"2021-11-02T07:55:26","guid":{"rendered":"https:\/\/demo.athemes.com\/sydney-main\/?page_id=553"},"modified":"2023-04-17T06:57:46","modified_gmt":"2023-04-17T04:57:46","slug":"contact","status":"publish","type":"page","link":"https:\/\/taxi-mmt.fr\/index.php\/contact\/","title":{"rendered":"Nous contacter"},"content":{"rendered":"\t\t<div data-elementor-type=\"wp-page\" data-elementor-id=\"553\" class=\"elementor elementor-553\">\n\t\t\t\t\t\t<section class=\"elementor-section elementor-top-section elementor-element elementor-element-acb4d0b elementor-section-content-middle elementor-section-boxed elementor-section-height-default elementor-section-height-default\" data-id=\"acb4d0b\" data-element_type=\"section\" data-e-type=\"section\">\n\t\t\t\t\t\t\t<div class=\"elementor-background-overlay\"><\/div>\n\t\t\t\t\t\t\t<div class=\"elementor-container elementor-column-gap-default\">\n\t\t\t\t\t<div class=\"elementor-column elementor-col-50 elementor-top-column elementor-element elementor-element-8f4b021\" data-id=\"8f4b021\" data-element_type=\"column\" data-e-type=\"column\">\n\t\t\t<div class=\"elementor-widget-wrap elementor-element-populated\">\n\t\t\t\t\t\t<div class=\"elementor-element elementor-element-532c5cd elementor-widget elementor-widget-heading\" data-id=\"532c5cd\" data-element_type=\"widget\" data-e-type=\"widget\" data-widget_type=\"heading.default\">\n\t\t\t\t<div class=\"elementor-widget-container\">\n\t\t\t\t\t<h6 class=\"elementor-heading-title elementor-size-default\">nous contacter<\/h6>\t\t\t\t<\/div>\n\t\t\t\t<\/div>\n\t\t\t\t<div class=\"elementor-element elementor-element-f60779a elementor-widget elementor-widget-heading\" data-id=\"f60779a\" data-element_type=\"widget\" data-e-type=\"widget\" data-widget_type=\"heading.default\">\n\t\t\t\t<div class=\"elementor-widget-container\">\n\t\t\t\t\t<h6 class=\"elementor-heading-title elementor-size-default\">R\u00e9server votre taxi<\/h6>\t\t\t\t<\/div>\n\t\t\t\t<\/div>\n\t\t\t\t<div class=\"elementor-element elementor-element-e7bd965 elementor-widget elementor-widget-text-editor\" data-id=\"e7bd965\" data-element_type=\"widget\" data-e-type=\"widget\" data-widget_type=\"text-editor.default\">\n\t\t\t\t<div class=\"elementor-widget-container\">\n\t\t\t\t\t\t\t\t\t<p style=\"margin: 0;\">Pour r\u00e9server un trajet avec notre service de taxi, veuillez nous contacter par t\u00e9l\u00e9phone au <a href=\"tel:\/\/0652632231\">06 52 63 22 31<\/a> ou remplir le formulaire ci-dessous. Nous sommes disponibles 24h\/24 et 7j\/7 pour r\u00e9pondre \u00e0 toutes vos demandes de transport m\u00e9dical.<\/p>\t\t\t\t\t\t\t\t<\/div>\n\t\t\t\t<\/div>\n\t\t\t\t<div class=\"elementor-element elementor-element-e01ddf8 elementor-button-warning elementor-align-center elementor-widget elementor-widget-button\" data-id=\"e01ddf8\" data-element_type=\"widget\" data-e-type=\"widget\" data-widget_type=\"button.default\">\n\t\t\t\t<div class=\"elementor-widget-container\">\n\t\t\t\t\t\t\t\t\t<div class=\"elementor-button-wrapper\">\n\t\t\t\t\t<a class=\"elementor-button elementor-button-link elementor-size-sm\" href=\"tel:\/\/0652632231\">\n\t\t\t\t\t\t<span class=\"elementor-button-content-wrapper\">\n\t\t\t\t\t\t\t\t\t<span class=\"elementor-button-text\">06 52 63 22 31<\/span>\n\t\t\t\t\t<\/span>\n\t\t\t\t\t<\/a>\n\t\t\t\t<\/div>\n\t\t\t\t\t\t\t\t<\/div>\n\t\t\t\t<\/div>\n\t\t\t\t\t<\/div>\n\t\t<\/div>\n\t\t\t\t<div class=\"elementor-column elementor-col-50 elementor-top-column elementor-element elementor-element-3f5ebc8\" data-id=\"3f5ebc8\" data-element_type=\"column\" data-e-type=\"column\">\n\t\t\t<div class=\"elementor-widget-wrap elementor-element-populated\">\n\t\t\t\t\t\t<div class=\"elementor-element elementor-element-1e7cd0c elementor-widget elementor-widget-image\" data-id=\"1e7cd0c\" data-element_type=\"widget\" data-e-type=\"widget\" data-widget_type=\"image.default\">\n\t\t\t\t<div class=\"elementor-widget-container\">\n\t\t\t\t\t\t\t\t\t\t\t\t\t\t\t<img fetchpriority=\"high\" decoding=\"async\" width=\"1024\" height=\"683\" src=\"https:\/\/taxi-mmt.fr\/wp-content\/uploads\/2023\/04\/pexels-tim-samuel-5835270-1024x683.jpg\" class=\"attachment-large size-large wp-image-759\" alt=\"\" srcset=\"https:\/\/taxi-mmt.fr\/wp-content\/uploads\/2023\/04\/pexels-tim-samuel-5835270-1024x683.jpg 1024w, https:\/\/taxi-mmt.fr\/wp-content\/uploads\/2023\/04\/pexels-tim-samuel-5835270-300x200.jpg 300w, https:\/\/taxi-mmt.fr\/wp-content\/uploads\/2023\/04\/pexels-tim-samuel-5835270-768x512.jpg 768w, https:\/\/taxi-mmt.fr\/wp-content\/uploads\/2023\/04\/pexels-tim-samuel-5835270-1536x1024.jpg 1536w, https:\/\/taxi-mmt.fr\/wp-content\/uploads\/2023\/04\/pexels-tim-samuel-5835270-2048x1365.jpg 2048w, https:\/\/taxi-mmt.fr\/wp-content\/uploads\/2023\/04\/pexels-tim-samuel-5835270-1000x667.jpg 1000w, https:\/\/taxi-mmt.fr\/wp-content\/uploads\/2023\/04\/pexels-tim-samuel-5835270-230x153.jpg 230w, https:\/\/taxi-mmt.fr\/wp-content\/uploads\/2023\/04\/pexels-tim-samuel-5835270-350x233.jpg 350w, https:\/\/taxi-mmt.fr\/wp-content\/uploads\/2023\/04\/pexels-tim-samuel-5835270-480x320.jpg 480w, https:\/\/taxi-mmt.fr\/wp-content\/uploads\/2023\/04\/elementor\/thumbs\/pexels-tim-samuel-5835270-scaled-q4gja63txebo41sbodw1kcloskfxxfiy84u444n3lc.jpg 565w\" sizes=\"(max-width: 1024px) 100vw, 1024px\" \/>\t\t\t\t\t\t\t\t\t\t\t\t\t\t\t<\/div>\n\t\t\t\t<\/div>\n\t\t\t\t\t<\/div>\n\t\t<\/div>\n\t\t\t\t\t<\/div>\n\t\t<\/section>\n\t\t\t\t<section class=\"elementor-section elementor-top-section elementor-element elementor-element-989df28 elementor-section-boxed elementor-section-height-default elementor-section-height-default\" data-id=\"989df28\" data-element_type=\"section\" data-e-type=\"section\">\n\t\t\t\t\t\t<div class=\"elementor-container elementor-column-gap-default\">\n\t\t\t\t\t<div class=\"elementor-column elementor-col-50 elementor-top-column elementor-element elementor-element-19b87aa\" data-id=\"19b87aa\" data-element_type=\"column\" data-e-type=\"column\">\n\t\t\t<div class=\"elementor-widget-wrap elementor-element-populated\">\n\t\t\t\t\t\t<div class=\"elementor-element elementor-element-48874ef elementor-widget elementor-widget-heading\" data-id=\"48874ef\" data-element_type=\"widget\" data-e-type=\"widget\" data-widget_type=\"heading.default\">\n\t\t\t\t<div class=\"elementor-widget-container\">\n\t\t\t\t\t<h3 class=\"elementor-heading-title elementor-size-default\">Taxi a\u00e9roports et gares<\/h3>\t\t\t\t<\/div>\n\t\t\t\t<\/div>\n\t\t\t\t<div class=\"elementor-element elementor-element-99babd8 elementor-widget elementor-widget-text-editor\" data-id=\"99babd8\" data-element_type=\"widget\" data-e-type=\"widget\" data-widget_type=\"text-editor.default\">\n\t\t\t\t<div class=\"elementor-widget-container\">\n\t\t\t\t\t\t\t\t\t<p>Notre service de taxi en \u00cele-de-France et ses environs est l\u00e0 pour vous aider ! Nous offrons un service de transport de haute qualit\u00e9 pour les voyageurs d&#8217;affaires et de loisirs, avec des chauffeurs exp\u00e9riment\u00e9s et courtois, des v\u00e9hicules spacieux et confortables et des tarifs comp\u00e9titifs. Que vous ayez besoin d&#8217;un transfert vers l&#8217;a\u00e9roport de Roissy Charles-de-Gaulle, Orly ou Beauvais, ou d&#8217;une navette vers la gare de Lyon, du Nord ou Montparnasse, notre \u00e9quipe se fera un plaisir de vous conduire en toute s\u00e9curit\u00e9 et ponctualit\u00e9. R\u00e9servez d\u00e8s maintenant votre taxi en \u00cele-de-France avec notre service de r\u00e9servation facile et rapide, et profitez d&#8217;un voyage sans stress vers votre destination.<\/p>\t\t\t\t\t\t\t\t<\/div>\n\t\t\t\t<\/div>\n\t\t\t\t\t<\/div>\n\t\t<\/div>\n\t\t\t\t<div class=\"elementor-column elementor-col-50 elementor-top-column elementor-element elementor-element-0858cb6\" data-id=\"0858cb6\" data-element_type=\"column\" data-e-type=\"column\">\n\t\t\t<div class=\"elementor-widget-wrap elementor-element-populated\">\n\t\t\t\t\t\t<div class=\"elementor-element elementor-element-2c75544 elementor-widget elementor-widget-heading\" data-id=\"2c75544\" data-element_type=\"widget\" data-e-type=\"widget\" data-widget_type=\"heading.default\">\n\t\t\t\t<div class=\"elementor-widget-container\">\n\t\t\t\t\t<h3 class=\"elementor-heading-title elementor-size-default\">Taxi conventionn\u00e9<\/h3>\t\t\t\t<\/div>\n\t\t\t\t<\/div>\n\t\t\t\t<div class=\"elementor-element elementor-element-46e9779 elementor-widget elementor-widget-text-editor\" data-id=\"46e9779\" data-element_type=\"widget\" data-e-type=\"widget\" data-widget_type=\"text-editor.default\">\n\t\t\t\t<div class=\"elementor-widget-container\">\n\t\t\t\t\t\t\t\t\t<p>Nous sommes fiers de fournir un service de taxi conventionn\u00e9 CPAM fiable et de qualit\u00e9 \u00e0 tous nos clients. Nous travaillons en \u00e9troite collaboration avec les professionnels de sant\u00e9 pour garantir que nos services r\u00e9pondent aux besoins de nos clients. Si vous avez des commentaires ou des suggestions sur la fa\u00e7on dont nous pouvons am\u00e9liorer notre service, n&#8217;h\u00e9sitez pas \u00e0 nous contacter. Votre avis est important pour nous.<\/p>\t\t\t\t\t\t\t\t<\/div>\n\t\t\t\t<\/div>\n\t\t\t\t\t<\/div>\n\t\t<\/div>\n\t\t\t\t\t<\/div>\n\t\t<\/section>\n\t\t\t\t<section class=\"elementor-section elementor-top-section elementor-element elementor-element-d249e80 elementor-section-boxed elementor-section-height-default elementor-section-height-default\" data-id=\"d249e80\" data-element_type=\"section\" data-e-type=\"section\" data-settings=\"{&quot;background_background&quot;:&quot;classic&quot;}\">\n\t\t\t\t\t\t<div class=\"elementor-container elementor-column-gap-default\">\n\t\t\t\t\t<div class=\"elementor-column elementor-col-100 elementor-top-column elementor-element elementor-element-ccf6e69\" data-id=\"ccf6e69\" data-element_type=\"column\" data-e-type=\"column\">\n\t\t\t<div class=\"elementor-widget-wrap elementor-element-populated\">\n\t\t\t\t\t\t<div class=\"elementor-element elementor-element-b76df7c elementor-widget elementor-widget-spacer\" data-id=\"b76df7c\" data-element_type=\"widget\" data-e-type=\"widget\" data-widget_type=\"spacer.default\">\n\t\t\t\t<div class=\"elementor-widget-container\">\n\t\t\t\t\t\t\t<div class=\"elementor-spacer\">\n\t\t\t<div class=\"elementor-spacer-inner\"><\/div>\n\t\t<\/div>\n\t\t\t\t\t\t<\/div>\n\t\t\t\t<\/div>\n\t\t\t\t\t<\/div>\n\t\t<\/div>\n\t\t\t\t\t<\/div>\n\t\t<\/section>\n\t\t\t\t<section class=\"elementor-section elementor-top-section elementor-element elementor-element-3f33f59 elementor-section-boxed elementor-section-height-default elementor-section-height-default\" data-id=\"3f33f59\" data-element_type=\"section\" data-e-type=\"section\">\n\t\t\t\t\t\t<div class=\"elementor-container elementor-column-gap-default\">\n\t\t\t\t\t<div class=\"elementor-column elementor-col-100 elementor-top-column elementor-element elementor-element-0099cfa\" data-id=\"0099cfa\" data-element_type=\"column\" data-e-type=\"column\">\n\t\t\t<div class=\"elementor-widget-wrap elementor-element-populated\">\n\t\t\t\t\t\t<div class=\"elementor-element elementor-element-5c4700a elementor-widget elementor-widget-heading\" data-id=\"5c4700a\" data-element_type=\"widget\" data-e-type=\"widget\" data-widget_type=\"heading.default\">\n\t\t\t\t<div class=\"elementor-widget-container\">\n\t\t\t\t\t<h2 class=\"elementor-heading-title elementor-size-default\">Formulaire de r\u00e9servation<\/h2>\t\t\t\t<\/div>\n\t\t\t\t<\/div>\n\t\t\t\t<div class=\"elementor-element elementor-element-089426d elementor-widget elementor-widget-wpforms\" data-id=\"089426d\" data-element_type=\"widget\" data-e-type=\"widget\" data-widget_type=\"wpforms.default\">\n\t\t\t\t<div class=\"elementor-widget-container\">\n\t\t\t\t\t<div class=\"wpforms-container wpforms-container-full wpforms-render-modern\" id=\"wpforms-744\"><form id=\"wpforms-form-744\" class=\"wpforms-validate wpforms-form wpforms-ajax-form\" data-formid=\"744\" method=\"post\" enctype=\"multipart\/form-data\" action=\"\/index.php\/wp-json\/wp\/v2\/pages\/553\" data-token=\"98344bf9fb6c2e9d278e417a18f02d6e\" data-token-time=\"1775292085\"><noscript class=\"wpforms-error-noscript\">Veuillez activer JavaScript dans votre navigateur pour remplir ce formulaire.<\/noscript><div id=\"wpforms-error-noscript\" style=\"display: none;\">Veuillez activer JavaScript dans votre navigateur pour remplir ce formulaire.<\/div><div class=\"wpforms-field-container\"><div id=\"wpforms-744-field_0-container\" class=\"wpforms-field wpforms-field-name wpforms-one-half wpforms-first\" data-field-id=\"0\"><fieldset><legend class=\"wpforms-field-label\">Identit\u00e9 <span class=\"wpforms-required-label\" aria-hidden=\"true\">*<\/span><\/legend><div class=\"wpforms-field-row wpforms-field-large\"><div class=\"wpforms-field-row-block wpforms-first wpforms-one-half\"><input type=\"text\" id=\"wpforms-744-field_0\" class=\"wpforms-field-name-first wpforms-field-required\" name=\"wpforms[fields][0][first]\" aria-errormessage=\"wpforms-744-field_0-error\" required><label for=\"wpforms-744-field_0\" class=\"wpforms-field-sublabel after\">Pr\u00e9nom<\/label><\/div><div class=\"wpforms-field-row-block wpforms-one-half\"><input type=\"text\" id=\"wpforms-744-field_0-last\" class=\"wpforms-field-name-last wpforms-field-required\" name=\"wpforms[fields][0][last]\" aria-errormessage=\"wpforms-744-field_0-last-error\" required><label for=\"wpforms-744-field_0-last\" class=\"wpforms-field-sublabel after\">Nom<\/label><\/div><\/div><\/fieldset><\/div><div id=\"wpforms-744-field_7-container\" class=\"wpforms-field wpforms-field-text\" data-field-id=\"7\"><label class=\"wpforms-field-label\" for=\"wpforms-744-field_7\">Date et heure de d\u00e9part<\/label><input type=\"text\" id=\"wpforms-744-field_7\" class=\"wpforms-field-medium\" name=\"wpforms[fields][7]\" value=\"04\/04\/2026 10:04\" placeholder=\"JJ\/MM\/AAAA HH:mm\" aria-errormessage=\"wpforms-744-field_7-error\" aria-describedby=\"wpforms-744-field_7-description\" ><div id=\"wpforms-744-field_7-description\" class=\"wpforms-field-description\">Veuillez effectuer votre demande de r\u00e9servation au plus tard la veille de votre d\u00e9part avant 19h.\r\n<br\/> Votre r\u00e9servation sera confirm\u00e9e au plus tard la veille \u00e0 20h.<\/div><\/div><div id=\"wpforms-744-field_3-container\" class=\"wpforms-field wpforms-field-text\" data-field-id=\"3\"><label class=\"wpforms-field-label\" for=\"wpforms-744-field_3\">Adresse de d\u00e9part <span class=\"wpforms-required-label\" aria-hidden=\"true\">*<\/span><\/label><input type=\"text\" id=\"wpforms-744-field_3\" class=\"wpforms-field-large wpforms-field-required\" name=\"wpforms[fields][3]\" placeholder=\"Entrez votre adresse de d\u00e9part\" aria-errormessage=\"wpforms-744-field_3-error\" required><\/div><div id=\"wpforms-744-field_6-container\" class=\"wpforms-field wpforms-field-text\" data-field-id=\"6\"><label class=\"wpforms-field-label\" for=\"wpforms-744-field_6\">Adresse d&#039;arriv\u00e9e <span class=\"wpforms-required-label\" aria-hidden=\"true\">*<\/span><\/label><input type=\"text\" id=\"wpforms-744-field_6\" class=\"wpforms-field-large wpforms-field-required\" name=\"wpforms[fields][6]\" placeholder=\"Entrez votre adresse d&#039;arriv\u00e9e\" aria-errormessage=\"wpforms-744-field_6-error\" required><\/div><div id=\"wpforms-744-field_5-container\" class=\"wpforms-field wpforms-field-text\" data-field-id=\"5\"><label class=\"wpforms-field-label\" for=\"wpforms-744-field_5\">T\u00e9l\u00e9phone <span class=\"wpforms-required-label\" aria-hidden=\"true\">*<\/span><\/label><input type=\"text\" id=\"wpforms-744-field_5\" class=\"wpforms-field-medium wpforms-field-required\" name=\"wpforms[fields][5]\" aria-errormessage=\"wpforms-744-field_5-error\" required><\/div><div id=\"wpforms-744-field_1-container\" class=\"wpforms-field wpforms-field-email wpforms-one-half\" data-field-id=\"1\"><label class=\"wpforms-field-label\" for=\"wpforms-744-field_1\">Adresse e-mail<\/label><input type=\"email\" id=\"wpforms-744-field_1\" class=\"wpforms-field-large\" name=\"wpforms[fields][1]\" spellcheck=\"false\" aria-errormessage=\"wpforms-744-field_1-error\" ><\/div><div id=\"wpforms-744-field_2-container\" class=\"wpforms-field wpforms-field-textarea\" data-field-id=\"2\"><label class=\"wpforms-field-label\" for=\"wpforms-744-field_2\">Informations compl\u00e9mentaires <span class=\"wpforms-required-label\" aria-hidden=\"true\">*<\/span><\/label><textarea id=\"wpforms-744-field_2\" class=\"wpforms-field-medium wpforms-field-required\" name=\"wpforms[fields][2]\" placeholder=\"Une pr\u00e9cision \u00e0 apporter. Laissez-nous un message et nous prendrons en compte vos besoins.\" aria-errormessage=\"wpforms-744-field_2-error\" required><\/textarea><\/div><\/div><!-- .wpforms-field-container --><div class=\"wpforms-submit-container\" ><input type=\"hidden\" name=\"wpforms[id]\" value=\"744\"><input type=\"hidden\" name=\"page_title\" value=\"\"><input type=\"hidden\" name=\"page_url\" value=\"https:\/\/taxi-mmt.fr\/index.php\/wp-json\/wp\/v2\/pages\/553\"><input type=\"hidden\" name=\"url_referer\" value=\"\"><button type=\"submit\" name=\"wpforms[submit]\" id=\"wpforms-submit-744\" class=\"wpforms-submit\" data-alt-text=\"Demande de r\u00e9servation en cours...\" data-submit-text=\"Envoyer ma demande\" aria-live=\"assertive\" value=\"wpforms-submit\">Envoyer ma demande<\/button><img decoding=\"async\" src=\"https:\/\/taxi-mmt.fr\/wp-content\/plugins\/wpforms-lite\/assets\/images\/submit-spin.svg\" class=\"wpforms-submit-spinner\" style=\"display: none;\" width=\"26\" height=\"26\" alt=\"Chargement en cours\"><\/div><\/form><\/div>  <!-- .wpforms-container -->\t\t\t\t<\/div>\n\t\t\t\t<\/div>\n\t\t\t\t\t<\/div>\n\t\t<\/div>\n\t\t\t\t\t<\/div>\n\t\t<\/section>\n\t\t\t\t<\/div>\n\t\t","protected":false},"excerpt":{"rendered":"<p>nous contacter R\u00e9server votre taxi Pour r\u00e9server un trajet avec notre service de taxi, veuillez nous contacter par t\u00e9l\u00e9phone au 06 52 [&hellip;]<\/p>\n","protected":false},"author":1,"featured_media":0,"parent":0,"menu_order":0,"comment_status":"closed","ping_status":"closed","template":"page-templates\/page_front-page.php","meta":{"footnotes":""},"class_list":["post-553","page","type-page","status-publish","hentry"],"yoast_head":"<!-- This site is optimized with the Yoast SEO plugin v27.3 - https:\/\/yoast.com\/product\/yoast-seo-wordpress\/ -->\n<title>Nous contacter - Taxi MMT<\/title>\n<meta name=\"robots\" content=\"index, follow, max-snippet:-1, max-image-preview:large, max-video-preview:-1\" \/>\n<link rel=\"canonical\" href=\"https:\/\/taxi-mmt.fr\/index.php\/contact\/\" \/>\n<meta property=\"og:locale\" content=\"fr_FR\" \/>\n<meta property=\"og:type\" content=\"article\" \/>\n<meta property=\"og:title\" content=\"Nous contacter - Taxi MMT\" \/>\n<meta property=\"og:description\" content=\"nous contacter R\u00e9server votre taxi Pour r\u00e9server un trajet avec notre service de taxi, veuillez nous contacter par t\u00e9l\u00e9phone au 06 52 [&hellip;]\" \/>\n<meta property=\"og:url\" content=\"https:\/\/taxi-mmt.fr\/index.php\/contact\/\" \/>\n<meta property=\"og:site_name\" content=\"Taxi MMT\" \/>\n<meta property=\"article:modified_time\" content=\"2023-04-17T04:57:46+00:00\" \/>\n<meta property=\"og:image\" content=\"http:\/\/taxi-mmt.fr\/wp-content\/uploads\/2023\/04\/pexels-tim-samuel-5835270-1024x683.jpg\" \/>\n<meta name=\"twitter:card\" content=\"summary_large_image\" \/>\n<meta name=\"twitter:label1\" content=\"Dur\u00e9e de lecture estim\u00e9e\" \/>\n\t<meta name=\"twitter:data1\" content=\"2 minutes\" \/>\n<script type=\"application\/ld+json\" class=\"yoast-schema-graph\">{\"@context\":\"https:\\\/\\\/schema.org\",\"@graph\":[{\"@type\":\"WebPage\",\"@id\":\"https:\\\/\\\/taxi-mmt.fr\\\/index.php\\\/contact\\\/\",\"url\":\"https:\\\/\\\/taxi-mmt.fr\\\/index.php\\\/contact\\\/\",\"name\":\"Nous contacter - Taxi MMT\",\"isPartOf\":{\"@id\":\"http:\\\/\\\/taxi-mmt.fr\\\/#website\"},\"primaryImageOfPage\":{\"@id\":\"https:\\\/\\\/taxi-mmt.fr\\\/index.php\\\/contact\\\/#primaryimage\"},\"image\":{\"@id\":\"https:\\\/\\\/taxi-mmt.fr\\\/index.php\\\/contact\\\/#primaryimage\"},\"thumbnailUrl\":\"http:\\\/\\\/taxi-mmt.fr\\\/wp-content\\\/uploads\\\/2023\\\/04\\\/pexels-tim-samuel-5835270-1024x683.jpg\",\"datePublished\":\"2021-11-02T07:55:26+00:00\",\"dateModified\":\"2023-04-17T04:57:46+00:00\",\"breadcrumb\":{\"@id\":\"https:\\\/\\\/taxi-mmt.fr\\\/index.php\\\/contact\\\/#breadcrumb\"},\"inLanguage\":\"fr-FR\",\"potentialAction\":[{\"@type\":\"ReadAction\",\"target\":[\"https:\\\/\\\/taxi-mmt.fr\\\/index.php\\\/contact\\\/\"]}]},{\"@type\":\"ImageObject\",\"inLanguage\":\"fr-FR\",\"@id\":\"https:\\\/\\\/taxi-mmt.fr\\\/index.php\\\/contact\\\/#primaryimage\",\"url\":\"https:\\\/\\\/taxi-mmt.fr\\\/wp-content\\\/uploads\\\/2023\\\/04\\\/pexels-tim-samuel-5835270-scaled.jpg\",\"contentUrl\":\"https:\\\/\\\/taxi-mmt.fr\\\/wp-content\\\/uploads\\\/2023\\\/04\\\/pexels-tim-samuel-5835270-scaled.jpg\",\"width\":2560,\"height\":1707},{\"@type\":\"BreadcrumbList\",\"@id\":\"https:\\\/\\\/taxi-mmt.fr\\\/index.php\\\/contact\\\/#breadcrumb\",\"itemListElement\":[{\"@type\":\"ListItem\",\"position\":1,\"name\":\"Accueil\",\"item\":\"http:\\\/\\\/taxi-mmt.fr\\\/\"},{\"@type\":\"ListItem\",\"position\":2,\"name\":\"Nous contacter\"}]},{\"@type\":\"WebSite\",\"@id\":\"http:\\\/\\\/taxi-mmt.fr\\\/#website\",\"url\":\"http:\\\/\\\/taxi-mmt.fr\\\/\",\"name\":\"Taxi MMT\",\"description\":\"Pour vos trajets conventionn\u00e9s, a\u00e9roports et gares\",\"publisher\":{\"@id\":\"http:\\\/\\\/taxi-mmt.fr\\\/#organization\"},\"potentialAction\":[{\"@type\":\"SearchAction\",\"target\":{\"@type\":\"EntryPoint\",\"urlTemplate\":\"http:\\\/\\\/taxi-mmt.fr\\\/?s={search_term_string}\"},\"query-input\":{\"@type\":\"PropertyValueSpecification\",\"valueRequired\":true,\"valueName\":\"search_term_string\"}}],\"inLanguage\":\"fr-FR\"},{\"@type\":\"Organization\",\"@id\":\"http:\\\/\\\/taxi-mmt.fr\\\/#organization\",\"name\":\"Taxi MMT\",\"url\":\"http:\\\/\\\/taxi-mmt.fr\\\/\",\"logo\":{\"@type\":\"ImageObject\",\"inLanguage\":\"fr-FR\",\"@id\":\"http:\\\/\\\/taxi-mmt.fr\\\/#\\\/schema\\\/logo\\\/image\\\/\",\"url\":\"https:\\\/\\\/taxi-mmt.fr\\\/wp-content\\\/uploads\\\/2023\\\/04\\\/Logo-only.png\",\"contentUrl\":\"https:\\\/\\\/taxi-mmt.fr\\\/wp-content\\\/uploads\\\/2023\\\/04\\\/Logo-only.png\",\"width\":182,\"height\":175,\"caption\":\"Taxi MMT\"},\"image\":{\"@id\":\"http:\\\/\\\/taxi-mmt.fr\\\/#\\\/schema\\\/logo\\\/image\\\/\"}}]}<\/script>\n<!-- \/ Yoast SEO plugin. -->","yoast_head_json":{"title":"Nous contacter - Taxi MMT","robots":{"index":"index","follow":"follow","max-snippet":"max-snippet:-1","max-image-preview":"max-image-preview:large","max-video-preview":"max-video-preview:-1"},"canonical":"https:\/\/taxi-mmt.fr\/index.php\/contact\/","og_locale":"fr_FR","og_type":"article","og_title":"Nous contacter - Taxi MMT","og_description":"nous contacter R\u00e9server votre taxi Pour r\u00e9server un trajet avec notre service de taxi, veuillez nous contacter par t\u00e9l\u00e9phone au 06 52 [&hellip;]","og_url":"https:\/\/taxi-mmt.fr\/index.php\/contact\/","og_site_name":"Taxi MMT","article_modified_time":"2023-04-17T04:57:46+00:00","og_image":[{"url":"http:\/\/taxi-mmt.fr\/wp-content\/uploads\/2023\/04\/pexels-tim-samuel-5835270-1024x683.jpg","type":"","width":"","height":""}],"twitter_card":"summary_large_image","twitter_misc":{"Dur\u00e9e de lecture estim\u00e9e":"2 minutes"},"schema":{"@context":"https:\/\/schema.org","@graph":[{"@type":"WebPage","@id":"https:\/\/taxi-mmt.fr\/index.php\/contact\/","url":"https:\/\/taxi-mmt.fr\/index.php\/contact\/","name":"Nous contacter - Taxi MMT","isPartOf":{"@id":"http:\/\/taxi-mmt.fr\/#website"},"primaryImageOfPage":{"@id":"https:\/\/taxi-mmt.fr\/index.php\/contact\/#primaryimage"},"image":{"@id":"https:\/\/taxi-mmt.fr\/index.php\/contact\/#primaryimage"},"thumbnailUrl":"http:\/\/taxi-mmt.fr\/wp-content\/uploads\/2023\/04\/pexels-tim-samuel-5835270-1024x683.jpg","datePublished":"2021-11-02T07:55:26+00:00","dateModified":"2023-04-17T04:57:46+00:00","breadcrumb":{"@id":"https:\/\/taxi-mmt.fr\/index.php\/contact\/#breadcrumb"},"inLanguage":"fr-FR","potentialAction":[{"@type":"ReadAction","target":["https:\/\/taxi-mmt.fr\/index.php\/contact\/"]}]},{"@type":"ImageObject","inLanguage":"fr-FR","@id":"https:\/\/taxi-mmt.fr\/index.php\/contact\/#primaryimage","url":"https:\/\/taxi-mmt.fr\/wp-content\/uploads\/2023\/04\/pexels-tim-samuel-5835270-scaled.jpg","contentUrl":"https:\/\/taxi-mmt.fr\/wp-content\/uploads\/2023\/04\/pexels-tim-samuel-5835270-scaled.jpg","width":2560,"height":1707},{"@type":"BreadcrumbList","@id":"https:\/\/taxi-mmt.fr\/index.php\/contact\/#breadcrumb","itemListElement":[{"@type":"ListItem","position":1,"name":"Accueil","item":"http:\/\/taxi-mmt.fr\/"},{"@type":"ListItem","position":2,"name":"Nous contacter"}]},{"@type":"WebSite","@id":"http:\/\/taxi-mmt.fr\/#website","url":"http:\/\/taxi-mmt.fr\/","name":"Taxi MMT","description":"Pour vos trajets conventionn\u00e9s, a\u00e9roports et gares","publisher":{"@id":"http:\/\/taxi-mmt.fr\/#organization"},"potentialAction":[{"@type":"SearchAction","target":{"@type":"EntryPoint","urlTemplate":"http:\/\/taxi-mmt.fr\/?s={search_term_string}"},"query-input":{"@type":"PropertyValueSpecification","valueRequired":true,"valueName":"search_term_string"}}],"inLanguage":"fr-FR"},{"@type":"Organization","@id":"http:\/\/taxi-mmt.fr\/#organization","name":"Taxi MMT","url":"http:\/\/taxi-mmt.fr\/","logo":{"@type":"ImageObject","inLanguage":"fr-FR","@id":"http:\/\/taxi-mmt.fr\/#\/schema\/logo\/image\/","url":"https:\/\/taxi-mmt.fr\/wp-content\/uploads\/2023\/04\/Logo-only.png","contentUrl":"https:\/\/taxi-mmt.fr\/wp-content\/uploads\/2023\/04\/Logo-only.png","width":182,"height":175,"caption":"Taxi MMT"},"image":{"@id":"http:\/\/taxi-mmt.fr\/#\/schema\/logo\/image\/"}}]}},"_links":{"self":[{"href":"https:\/\/taxi-mmt.fr\/index.php\/wp-json\/wp\/v2\/pages\/553","targetHints":{"allow":["GET"]}}],"collection":[{"href":"https:\/\/taxi-mmt.fr\/index.php\/wp-json\/wp\/v2\/pages"}],"about":[{"href":"https:\/\/taxi-mmt.fr\/index.php\/wp-json\/wp\/v2\/types\/page"}],"author":[{"embeddable":true,"href":"https:\/\/taxi-mmt.fr\/index.php\/wp-json\/wp\/v2\/users\/1"}],"replies":[{"embeddable":true,"href":"https:\/\/taxi-mmt.fr\/index.php\/wp-json\/wp\/v2\/comments?post=553"}],"version-history":[{"count":51,"href":"https:\/\/taxi-mmt.fr\/index.php\/wp-json\/wp\/v2\/pages\/553\/revisions"}],"predecessor-version":[{"id":979,"href":"https:\/\/taxi-mmt.fr\/index.php\/wp-json\/wp\/v2\/pages\/553\/revisions\/979"}],"wp:attachment":[{"href":"https:\/\/taxi-mmt.fr\/index.php\/wp-json\/wp\/v2\/media?parent=553"}],"curies":[{"name":"wp","href":"https:\/\/api.w.org\/{rel}","templated":true}]}}